 of w and 8.
8
Suppose -2*m = -5*l - 290, -3*m + 2*l = -222 - 202. Suppose -5*q + 55 = -m. Suppose 0*g - 39 = -3*g. What is the highest common factor of q and g?
13
Let i(j) = j + 66. Let b be i(3). Calculate the greatest common divisor of 46 and b.
23
Let b(c) = 2*c**2 - 12*c + 4. Let j be b(6). What is the highest common divisor of j and 364?
4
Let u be (1 + 1)/((-6)/(-9)). Let z be 27/u - (-4 - -1). What is the greatest common factor of z and 4?
4
Suppose 4 - 32 = -4*t. Suppose 8*i = t*i + 21. Let y be -2*(-5)/((-5)/(-21)). Calculate the greatest common divisor of i and y.
21
Suppose -40*w + 647 = 4*g - 41*w, -331 = -2*g + 3*w. Calculate the greatest common divisor of g and 92.
23
Suppose 13*k - 65 = -0*k. Suppose -k*g = 3*a - 246, 102 = 2*g - 0*g + 3*a. What is the highest common divisor of 48 and g?
48
Let o(a) = a**2 - 6*a + 44. Let m be o(0). Calculate the greatest common factor of 264 and m.
44
Let d = 369 - 225. Let w = 183 - d. What is the greatest common factor of w and 26?
13
Let m(c) = -5*c - 4. Let z be m(-4). Calculate the highest common divisor of 22 and z.
2
Let w = -20 + 26. Let j be (1/(-2))/(w/(-192)). Let t = j - -8. What is the greatest common factor of 6 and t?
6
Suppose 4*c = 7 + 1. Let i be c - 5/10*-6. What is the greatest common factor of i and 35?
5
Let z(h) = h**3 - 5*h**2 - 3*h + 2. Let r be z(6). What is the greatest common divisor of 16 and r?
4
Suppose -5*m - 74 = -9. Let j(k) = -4*k - 16. Let g be j(m). Calculate the greatest common divisor of 9 and g.
9
Let u = 25 + -12. Let i = -49 + 62. Calculate the highest common factor of i and u.
13
Let f(q) = -q**3 - 6*q**2 + 5*q - 4. Let b be f(-6). Let m be -1 + 0 - (2 + 49). Let g = b - m. Calculate the greatest common factor of 27 and g.
9
Suppose -4*h + 0*h - 16 = 0, -i = -5*h - 26. Let y = i + 5. What is the highest common factor of y and 55?
11
Suppose 33 = m + 5. Let p(b) = b**2 + 14*b + 10. Let q be p(2). What is the highest common factor of m and q?
14
Let r = 164 - -4. Calculate the highest common divisor of r and 42.
42
Let o(t) = -2*t - 6. Let r be o(-4). Suppose -3*b + r*b = -39. Let h = b - 31. Calculate the highest common divisor of h and 8.
8
Let t(f) = 15*f + 730. Let u be t(36). What is the highest common divisor of u and 10?
10
Let v be 322/1932 - (0 + (-119)/6). Suppose -r = -57 + 7. What is the highest common factor of v and r?
10
Let j(m) be the third derivative of 8*m**2 + 2/3*m**4 - 1/60*m**5 - 2/3*m**3 + 0 + 0*m. Let l be j(14). Calculate the highest common factor of 6 and l.
6
Let g be (58/(-6))/((-23)/759). What is the highest common factor of g and 29?
29
Let b = 16 - 18. Let a be (-2 - 1) + b + 19. Let m be (-88)/(-6) - 2/3. What is the highest common factor of a and m?
14
Let v be (138/15)/((-13)/(-260)). What is the greatest common factor of 276 and v?
92
Suppose 0 = -u + 5*b + 24 + 2, -5*u + 4*b + 172 = 0. Suppose -t = 2*t - 270. What is the highest common divisor of t and u?
18
Let v be (-180)/315 - 7380/(-28). Calculate the highest common factor of v and 1.
1
Let l(q) = -69*q + 760. Let w be l(10). Calculate the greatest common divisor of w and 270.
10
Let d = 41 + 43. Suppose 0 = -m + 3*m - d. Calculate the highest common divisor of 14 and m.
14
Let p = 76 + 23. What is the highest common divisor of 165 and p?
33
Let o(z) = 5*z - 26. Let w be o(10). Calculate the greatest common factor of w and 60.
12
Suppose -g - 11 = -4*k + 5, -5*k - g = -20. Suppose 2*l + 446 = 4*a, -k*a = -3*l - 364 - 81. Calculate the highest common divisor of 14 and a.
14
Suppose -1 = 14*g - 43. Suppose -4*w + 4*p = -356, -g*w + 318 = -2*p + 56. What is the greatest common factor of w and 24?
12
Let b = -6 - -18. Suppose 12*w + 1752 - 372 = 0. Let z = w + 133. Calculate the greatest common divisor of z and b.
6
Let h be (-1)/(3 - 4)*4. Let u be (-561)/(-12) - 3/h. Suppose -3*r = -235 + u. What is the greatest common factor of 9 and r?
9
Let j(a) = -15*a + 1513. Let w be j(99). Let i be (224/(-10))/((-2)/20). Calculate the highest common divisor of i and w.
28
Suppose -d + 2*o = 2*d + 16, -4 = d - 2*o. Let p be d/(-7)*(-28)/(-4). Suppose -5*w + p*w - 160 = 0. Calculate the greatest common factor of w and 20.
20
Let x be (-270)/(-14) + 7/196*-8. What is the highest common divisor of 969 and x?
19
Suppose -168 = 12*k - 14*k. Suppose m + 0*b + 2*b - 29 = 0, 0 = -2*m + 2*b + 40. Let j = m - 11. Calculate the highest common divisor of k and j.
12
Suppose -4*t - 135 + 175 = 0. What is the highest common divisor of 35 and t?
5
Suppose -4*o + 8 + 76 = 0. Suppose -5*z - 164 = -1524. Let j = z - 41. Calculate the highest common divisor of j and o.
21
Let g(w) = w**3 - 10*w**2 - 5*w + 18. Let y be g(9). Let x = -82 - y. What is the greatest common factor of x and 13?
13
Suppose 100 + 108 = 8*z. Calculate the greatest common factor of z and 117.
13
Let y be (-48020)/(-364) - (-3 - -4)/(-13). Calculate the highest common factor of 24 and y.
12
Let h be (0 + 65)*((-184)/(-5))/4. What is the highest common divisor of h and 46?
46
Let y be 51/3*(-15)/((-30)/32). What is the highest common divisor of 64 and y?
16
Suppose -39 + 123 = 3*k. Suppose y + 0*j = -j + 1, -5 = -5*y + 4*j. Suppose -a - y = -g - 7, -4*g + 25 = 3*a. What is the greatest common divisor of a and k?
7
Let m = -11 - -18. Suppose -m*l - 22 = -120. Suppose 1 = -k + l. Calculate the greatest common factor of 143 and k.
13
Let u be 6 + 171/12*4. What is the highest common factor of u and 18?
9
Let p = -1629 - -1965. Calculate the highest common divisor of 60 and p.
12
Suppose 0 = 2*t + 4, -141 = -5*i - t + 4*t. Calculate the highest common factor of i and 6.
3
Suppose 0 = 19*s - 14*s - 75. Suppose -3*f + 144 = a, 2*f - 681 = -3*a - 2*a. What is the highest common divisor of s and a?
15
Suppose 5*q = 3*y - 426, q - 4*y + 36 = -56. Let o = -60 - q. Let j(k) = -k**2 + 5*k + 344. Let z be j(-16). Calculate the highest common factor of z and o.
8
Let r = -65 + 113. Let q = 735 + -719. Calculate the greatest common divisor of r and q.
16
Suppose -6*n = -n - 75. Let k(w) = -2*w**3 + 18*w**2 - 9*w - 8. Let u be k(8). Let s = u - 33. Calculate the greatest common divisor of s and n.
15
Let f(b) = 14*b**2 - b - 4. Let i be f(-3). Suppose 70*s - 1340 = 2160. Calculate the greatest common divisor of i and s.
25
Suppose -233 = -54*v + 307. Calculate the greatest common factor of 18 and v.
2
Let p(x) = 4*x**2 + 32*x - 203. Let z be p(6). What is the highest common divisor of 19 and z?
19
Suppose 3*t = -2*o + 86, -3*o - 41 = -4*o - 2*t. Suppose -o = -7*s - 0*s. What is the greatest common factor of s and 7?
7
Let x = -60 + 148. Let u be (-4)/(-6)*9/2. Let v be u*11*11/33. What is the highest common factor of v and x?
11
Let f(b) = -b + 46. Suppose 264 = 13*d + 11*d. Let i be f(d). What is the highest common divisor of 7 and i?
7
Suppose 3*n - 71 = -26. Let f be (-10)/(6 + -1) + ((-20)/(-10) - -3). What is the highest common divisor of f and n?
3
Let b(a) = 36*a + 61. Let d be b(-7). Let i(y) = -18*y**2 + 6*y - 5. Let o be i(4). Let j = d - o. What is the greatest common divisor of 26 and j?
26
Let d(u) = 31*u**2 + 2*u + 3. Let o be d(3). Suppose 0 = s - 10 - 22. What is the highest common divisor of s and o?
32
Let t = 24 - 29. Let x = 7 + t. Suppose 3*o - 120 = o - 3*p, -128 = -x*o - 5*p. Calculate the greatest common divisor of 18 and o.
18
Let w(h) = 8*h**2 + 3*h - 5. Let o be w(2). Calculate the highest common factor of o and 44.
11
Let h be 88 - (33/(-11) + (1 - -2)). Let v = h + -85. What is the highest common factor of v and 5?
1
Let q be ((-1)/3)/(-1) + 287/3. Calculate the greatest common factor of 160 and q.
32
Let w be -3*(4 + -3)*-7. Let k be 6/w + 6/(-21). Suppose -n = 3*n + 2*b - 50, k = 5*n + 2*b - 62. Calculate the highest common divisor of n and 60.
12
Let i = 19 + -23. Let c(z) = z**2 + 3*z - 4. Let w be c(i). Suppose 0 = -w*g + 2*g - 54. What is the greatest common factor of g and 9?
9
Let m(k) = -2*k**2 + 2*k. Let f be m(2). Let z be (-86)/(-3) - f/3. What is the highest common divisor of 30 and z?
30
Let n = 928 - 613. What is the highest common divisor of n and 63?
63
Suppose -3*a + 52 = 3*q - 53, -2*q + 58 = -4*a. Suppose -4*b = -3*p + 8*p - 235, 3*b - 168 = -p. Calculate the highest common factor of b